tiple of 14?
False
Is 220 a factor of 526796?
False
Is 230 a factor of 1569980?
True
Does 55 divide 673695?
True
Is 35989 a multiple of 73?
True
Does 329 divide 695177?
True
Is 77949 a multiple of 4?
False
Is 13744600 a multiple of 200?
True
Is 4972769 a multiple of 3?
False
Is 303 a factor of 20560029?
False
Does 94 divide 69842?
True
Does 559 divide 5900245?
True
Does 207 divide 208863?
True
Is 158 a factor of 1886204?
True
Does 159 divide 1147231?
False
Does 16 divide 112243?
False
Does 61 divide 1628029?
True
Is 23 a factor of 453077?
True
Does 3 divide 1133072?
False
Does 112 divide 144557?
False
Is 64 a factor of 70976?
True
Is 1114322 a multiple of 596?
False
Is 114041 a multiple of 17?
False
Is 7576989 a multiple of 339?
True
Is 55918 a multiple of 383?
True
Does 86 divide 170511?
False
Is 240 a factor of 2591711?
False
Does 160 divide 321255?
False
Is 25 a factor of 55750?
True
Is 1118331 a multiple of 48?
False
Does 194 divide 113609?
False
Does 111 divide 9169024?
False
Does 7 divide 2761?
False
Is 18 a factor of 339516?
True
Is 2 a factor of 84390?
True
Does 13 divide 260625?
False
Does 35 divide 134225?
True
Is 5111494 a multiple of 9?
False
Is 16387274 a multiple of 338?
False
Is 80 a factor of 7776080?
True
Is 33 a factor of 285153?
True
Is 281 a factor of 1433152?
False
Does 17 divide 2818974?
True
Is 10 a factor of 67323?
False
Is 115140 a multiple of 57?
True
Does 137 divide 351268?
True
Does 731 divide 765329?
False
Is 323147 a multiple of 69?
False
Does 189 divide 207144?
True
Is 144 a factor of 514470?
False
Does 45 divide 9036090?
True
Is 16 a factor of 11669904?
True
Is 3067147 a multiple of 11?
False
Is 192772 a multiple of 31?
False
Does 51 divide 307683?
True
Is 80470 a multiple of 5?
True
Is 1987 a factor of 7601748?
False
Is 44371 a multiple of 24?
False
Is 53 a factor of 16391469?
True
Is 12 a factor of 106176?
True
Is 187 a factor of 4854297?
False
Is 21678 a multiple of 12?
False
Does 311 divide 3388656?
True
Does 95 divide 62050?
False
Is 326 a factor of 3692928?
True
Does 24 divide 8688?
True
Is 631504 a multiple of 232?
True
Is 102840 a multiple of 20?
True
Does 69 divide 146625?
True
Does 97 divide 9644904?
True
Does 24 divide 199632?
True
Does 5 divide 8751?
False
Does 10 divide 8990?
True
Is 36 a factor of 136548?
True
Does 43 divide 304211?
False
Does 395 divide 118506?
False
Does 3 divide 3983200?
False
Is 83082 a multiple of 122?
True
Is 21 a factor of 648887?
False
Does 342 divide 20082582?
True
Does 14 divide 975324?
True
Is 267 a factor of 210663?
True
Does 33 divide 253240?
False
Is 167097 a multiple of 327?
True
Is 440 a factor of 14338789?
False
Does 14 divide 400590?
False
Is 411478 a multiple of 73?
False
Is 294393 a multiple of 467?
False
Is 47790 a multiple of 102?
False
Is 119440 a multiple of 40?
True
Is 30375 a multiple of 81?
True
Is 188006 a multiple of 26?
True
Does 476 divide 1595552?
True
Does 129 divide 238236?
False
Is 10434 a multiple of 111?
True
Does 13 divide 255502?
True
Is 606 a factor of 2954738?
False
Is 9 a factor of 20166?
False
Is 91 a factor of 1852021?
False
Is 1095701 a multiple of 174?
False
Is 112277 a multiple of 386?
False
Does 1564 divide 3706034?
False
Is 133 a factor of 3849552?
True
Is 142 a factor of 95992?
True
Is 23 a factor of 34087?
False
Does 14 divide 241514?
True
Is 35 a factor of 124110?
True
Does 161 divide 8709795?
False
Does 5 divide 21805?
True
Is 131596 a multiple of 167?
True
Is 1023 a factor of 4088398?
False
Is 141 a factor of 2351175?
True
Is 3 a factor of 982742?
False
Does 8 divide 260148?
False
Does 9 divide 69813?
True
Is 3682272 a multiple of 121?
True
Does 43 divide 2879179?
False
Is 520 a factor of 3629080?
True
Does 54 divide 7249014?
True
Is 541791 a multiple of 3?
True
Does 74 divide 464572?
True
Is 78283 a multiple of 16?
False
Is 436 a factor of 139081?
False
Does 10 divide 4453400?
True
Is 5579574 a multiple of 42?
True
Does 6 divide 2613312?
True
Does 75 divide 1874700?
True
Is 217 a factor of 205470?
False
Is 820412 a multiple of 12?
False
Is 124383 a multiple of 23?
False
Is 389231 a multiple of 65?
False
Is 19 a factor of 2697981?
True
Does 6 divide 233819?
False
Does 2 divide 268794?
True
Is 446070 a multiple of 23?
False
Is 2545772 a multiple of 19?
True
Does 165 divide 137260?
False
Is 1079 a factor of 1696188?
True
Does 628 divide 217916?
True
Does 18 divide 23054?
False
Does 171 divide 1990440?
True
Is 9 a factor of 363708?
True
Is 38 a factor of 272232?
True
Is 1364394 a multiple of 26?
False
Does 188 divide 773897?
False
Is 12 a factor of 4789971?
False
Is 39627 a multiple of 111?
True
Does 216 divide 816981?
False
Is 18 a factor of 594558?
True
Does 718 divide 22258?
True
Is 10 a factor of 104994?
False
Is 25300 a multiple of 110?
True
Is 264 a factor of 209547?
False
Is 22 a factor of 1168572?
False
Is 32 a factor of 252582?
False
Is 153454 a multiple of 113?
True
Does 374 divide 246840?
True
Is 674096 a multiple of 15?
False
Is 1382156 a multiple of 591?
False
Is 606694 a multiple of 11?
True
Is 11 a factor of 356246?
True
Is 30 a factor of 8805945?
False
Does 9 divide 15624975?
False
Is 364808 a multiple of 11?
False
Does 58 divide 45530?
True
Is 799668 a multiple of 8?
False
Is 1999379 a multiple of 939?
False
Is 472980 a multiple of 15?
True
Is 7 a factor of 2864987?
False
Is 87 a factor of 25012?
False
Is 32 a factor of 63776?
True
Is 305890 a multiple of 12?
False
Is 144430 a multiple of 143?
True
Is 49 a factor of 434603?
False
Does 793 divide 1294969?
True
Is 2321 a multiple of 231?
False
Is 22493 a multiple of 83?
True
Does 67 divide 791873?
True
Is 19 a factor of 1961110?
False
Is 5134530 a multiple of 102?
False
Is 16 a factor of 46496?
True
Does 62 divide 564944?
True
Is 183 a factor of 672667?
False
Is 149 a factor of 2028188?
True
Is 144020 a multiple of 380?
True
Does 17 divide 891837?
True
Is 12 a factor of 760895?
False
Is 638395 a multiple of 27?
False
Is 10 a factor of 364844?
False
Does 11 divide 1146809?
False
Is 75 a factor of 128913?
False
Is 48 a factor of 1520171?
False
Is 39 a factor of 17253165?
False
Does 32 divide 3313012?
False
Does 9 divide 150615?
True
Is 6483649 a multiple of 476?
False
Is 1948454 a multiple of 562?
True
Is 440518 a multiple of 312?
False
Is 185 a factor of 793095?
True
Is 767866 a multiple of 121?
True
Is 609506 a multiple of 8?
False
Does 12 divide 530472?
True
Is 227 a factor of 707786?
True
Is 312552 a multiple of 216?
True
Is 299968 a multiple of 109?
True
Is 198933 a multiple of 13?
False
Does 17 divide 5218932?
True
Is 725401 a multiple of 523?
True
Does 55 divide 10340?
True
Does 35 divide 5909352?
False
Is 94 a factor of 401192?
True
Is 78 a factor of 8047416?
True
Is 679710 a multiple of 10?
True
Is 429 a factor of 43666?
False
Is 136 a factor of 622543?
False
Is 3437034 a multiple of 120?
False
Is 17 a factor of 208998?
True
Does 11 divide 53757?
True
Is 9 a factor of 25063?
False
Is 289 a factor of 67592?
False
Does 303 divide 870216?
True
Is 836433 a multiple of 75?
False
Is 110 a factor of 1518929?
False
Is 15222 a multiple of 118?
True
Does 23 divide 55660?
True
Is 186243 a multiple of 29?
False
Is 86479 a multiple of 278?
False
Does 13 divide 177476?
True
Is 840411 a multiple of 11?
True
Does 31 divide 164083?
True
Is 7 a factor of 46767?
True
Is 53349 a multiple of 20?
False
Is 1369060 a multiple of 770?
True
Is 147 a factor of 907777?
False
Does 6 divide 180996?
True
Is 248200 a multiple of 292?
True
Is 168036 a multiple of 569?
False
Is 82 a factor of 603438?
True
Is 27 a factor of 2103462?
True
Is 137 a factor of 1647425?
True
Is 1173 a factor of 25786059?
True
Is 129903 a multiple of 53?
True
Is 3985221 a multiple of 918?
False
Is 1028 a factor of 8286708?
True
Is 625326 a multiple of 26?
True
Is 6 a factor of 1560313?
False
Is 44 a factor of 114796?
True
Does 36 divide 2717244?
True
Does 140 divide 11532920?
True
Is 97 a factor of 1139750?
True
Does 12 divide 65299?
False
Is 8089708 a multiple of 535?
False
Is 5110266 a multiple of 14?
True
Is 327160 a multiple of 7?
False
Is 6883 even?
False
Is 6112275 a multiple of 8?
False
Does 7 divide 1615873?
True
Is 1673 a factor of 3366076?
True
Does 38 divide 2224368?
True
Is 11049463 a multiple of 751